172.68.38.56 - - [30/Apr/2020:03:23:57 -0700] "HEAD / HTTP/1.0" 200 142 "https://spokanevalleyinsurance.net/" "Mozilla/5.0+(compatible; UptimeRobot/2.0; http://www.uptimerobot.com/)"
172.68.38.120 - - [30/Apr/2020:03:28:57 -0700] "HEAD / HTTP/1.0" 200 142 "https://spokanevalleyinsurance.net/" "Mozilla/5.0+(compatible; UptimeRobot/2.0; http://www.uptimerobot.com/)"
172.68.38.56 - - [30/Apr/2020:03:33:57 -0700] "HEAD / HTTP/1.0" 200 142 "https://spokanevalleyinsurance.net/" "Mozilla/5.0+(compatible; UptimeRobot/2.0; http://www.uptimerobot.com/)"
172.68.38.120 - - [30/Apr/2020:03:33:57 -0700] "POST /wp-cron.php?doing_wp_cron=1588242837.7388229370117187500000 HTTP/1.0" 200 383 "https://spokanevalleyinsurance.net/wp-cron.php?doing_wp_cron=1588242837.7388229370117187500000" "WordPress/5.2.5; https://spokanevalleyinsurance.net"
172.69.190.32 - - [30/Apr/2020:03:38:40 -0700] "GET /blackhat.php HTTP/1.0" 404 19018 "-" "Mozilla/5.0 (Windows NT 10.0; Win64; x64) AppleWebKit/537.36 (KHTML, like Gecko) Chrome/74.0.3729.157 Safari/537.36"
172.68.38.56 - - [30/Apr/2020:03:38:57 -0700] "HEAD / HTTP/1.0" 200 142 "https://spokanevalleyinsurance.net/" "Mozilla/5.0+(compatible; UptimeRobot/2.0; http://www.uptimerobot.com/)"
172.68.38.100 - - [30/Apr/2020:03:43:56 -0700] "HEAD / HTTP/1.0" 200 142 "https://spokanevalleyinsurance.net/" "Mozilla/5.0+(compatible; UptimeRobot/2.0; http://www.uptimerobot.com/)"
172.68.38.102 - - [30/Apr/2020:03:48:56 -0700] "HEAD / HTTP/1.0" 200 142 "https://spokanevalleyinsurance.net/" "Mozilla/5.0+(compatible; UptimeRobot/2.0; http://www.uptimerobot.com/)"
172.68.38.56 - - [30/Apr/2020:03:53:56 -0700] "HEAD / HTTP/1.0" 200 142 "https://spokanevalleyinsurance.net/" "Mozilla/5.0+(compatible; UptimeRobot/2.0; http://www.uptimerobot.com/)"
172.68.38.102 - - [30/Apr/2020:03:58:55 -0700] "HEAD / HTTP/1.0" 200 142 "https://spokanevalleyinsurance.net/" "Mozilla/5.0+(compatible; UptimeRobot/2.0; http://www.uptimerobot.com/)"
172.68.38.56 - - [30/Apr/2020:04:03:55 -0700] "HEAD / HTTP/1.0" 200 142 "https://spokanevalleyinsurance.net/" "Mozilla/5.0+(compatible; UptimeRobot/2.0; http://www.uptimerobot.com/)"
172.68.38.100 - - [30/Apr/2020:04:08:55 -0700] "HEAD / HTTP/1.0" 200 142 "https://spokanevalleyinsurance.net/" "Mozilla/5.0+(compatible; UptimeRobot/2.0; http://www.uptimerobot.com/)"
172.68.38.102 - - [30/Apr/2020:04:18:39 -0700] "HEAD / HTTP/1.0" 200 142 "https://spokanevalleyinsurance.net/" "Mozilla/5.0+(compatible; UptimeRobot/2.0; http://www.uptimerobot.com/)"
172.68.38.102 - - [30/Apr/2020:04:23:38 -0700] "HEAD / HTTP/1.0" 200 142 "https://spokanevalleyinsurance.net/" "Mozilla/5.0+(compatible; UptimeRobot/2.0; http://www.uptimerobot.com/)"
172.68.38.56 - - [30/Apr/2020:04:28:38 -0700] "HEAD / HTTP/1.0" 200 142 "https://spokanevalleyinsurance.net/" "Mozilla/5.0+(compatible; UptimeRobot/2.0; http://www.uptimerobot.com/)"
172.68.38.100 - - [30/Apr/2020:04:33:38 -0700] "HEAD / HTTP/1.0" 200 142 "https://spokanevalleyinsurance.net/" "Mozilla/5.0+(compatible; UptimeRobot/2.0; http://www.uptimerobot.com/)"
172.68.38.120 - - [30/Apr/2020:04:33:38 -0700] "POST /wp-cron.php?doing_wp_cron=1588246418.7506508827209472656250 HTTP/1.0" 200 383 "https://spokanevalleyinsurance.net/wp-cron.php?doing_wp_cron=1588246418.7506508827209472656250" "WordPress/5.2.5; https://spokanevalleyinsurance.net"
172.68.38.56 - - [30/Apr/2020:04:38:38 -0700] "HEAD / HTTP/1.0" 200 142 "https://spokanevalleyinsurance.net/" "Mozilla/5.0+(compatible; UptimeRobot/2.0; http://www.uptimerobot.com/)"
172.68.38.100 - - [30/Apr/2020:04:43:38 -0700] "HEAD / HTTP/1.0" 200 142 "https://spokanevalleyinsurance.net/" "Mozilla/5.0+(compatible; UptimeRobot/2.0; http://www.uptimerobot.com/)"
172.68.38.56 - - [30/Apr/2020:04:48:38 -0700] "HEAD / HTTP/1.0" 200 142 "https://spokanevalleyinsurance.net/" "Mozilla/5.0+(compatible; UptimeRobot/2.0; http://www.uptimerobot.com/)"
172.68.38.102 - - [30/Apr/2020:04:53:38 -0700] "HEAD / HTTP/1.0" 200 142 "https://spokanevalleyinsurance.net/" "Mozilla/5.0+(compatible; UptimeRobot/2.0; http://www.uptimerobot.com/)"
172.68.38.102 - - [30/Apr/2020:04:58:38 -0700] "HEAD / HTTP/1.0" 200 142 "https://spokanevalleyinsurance.net/" "Mozilla/5.0+(compatible; UptimeRobot/2.0; http://www.uptimerobot.com/)"
172.68.38.102 - - [30/Apr/2020:05:03:38 -0700] "HEAD / HTTP/1.0" 200 142 "https://spokanevalleyinsurance.net/" "Mozilla/5.0+(compatible; UptimeRobot/2.0; http://www.uptimerobot.com/)"
172.68.38.120 - - [30/Apr/2020:05:08:38 -0700] "HEAD / HTTP/1.0" 200 142 "https://spokanevalleyinsurance.net/" "Mozilla/5.0+(compatible; UptimeRobot/2.0; http://www.uptimerobot.com/)"
172.68.38.102 - - [30/Apr/2020:05:13:38 -0700] "HEAD / HTTP/1.0" 200 142 "https://spokanevalleyinsurance.net/" "Mozilla/5.0+(compatible; UptimeRobot/2.0; http://www.uptimerobot.com/)"
162.158.167.6 - - [30/Apr/2020:05:16:30 -0700] "HEAD / HTTP/1.0" 200 142 "-" "Wget/1.18 (linux-gnu)"
172.68.38.56 - - [30/Apr/2020:05:18:38 -0700] "HEAD / HTTP/1.0" 200 142 "https://spokanevalleyinsurance.net/" "Mozilla/5.0+(compatible; UptimeRobot/2.0; http://www.uptimerobot.com/)"
172.68.38.56 - - [30/Apr/2020:05:23:38 -0700] "HEAD / HTTP/1.0" 200 142 "https://spokanevalleyinsurance.net/" "Mozilla/5.0+(compatible; UptimeRobot/2.0; http://www.uptimerobot.com/)"
162.158.63.12 - - [30/Apr/2020:05:25:43 -0700] "GET /wp-login.php HTTP/1.0" 200 1880 "http://spokanevalleyinsurance.net/wp-login.php" "Mozilla/5.0 (X11; Ubuntu; Linux x86_64; rv:62.0) Gecko/20100101 Firefox/62.0"
162.158.62.233 - - [30/Apr/2020:05:25:44 -0700] "GET ///?author=1 HTTP/1.0" 301 641 "http://spokanevalleyinsurance.net///?author=1" "Mozilla/5.0 (X11; Ubuntu; Linux x86_64; rv:62.0) Gecko/20100101 Firefox/62.0"
108.162.219.38 - - [30/Apr/2020:05:25:44 -0700] "GET /?author=1 HTTP/1.0" 404 19018 "https://spokanevalleyinsurance.net///?author=1" "Mozilla/5.0 (X11; Ubuntu; Linux x86_64; rv:62.0) Gecko/20100101 Firefox/62.0"
173.245.52.205 - - [30/Apr/2020:05:25:44 -0700] "GET ///wp-json/wp/v2/users/ HTTP/1.0" 200 1081 "http://spokanevalleyinsurance.net///wp-json/wp/v2/users/" "Mozilla/5.0 (X11; Ubuntu; Linux x86_64; rv:62.0) Gecko/20100101 Firefox/62.0"
172.68.38.56 - - [30/Apr/2020:05:28:38 -0700] "HEAD / HTTP/1.0" 200 142 "https://spokanevalleyinsurance.net/" "Mozilla/5.0+(compatible; UptimeRobot/2.0; http://www.uptimerobot.com/)"
172.68.38.100 - - [30/Apr/2020:05:38:16 -0700] "HEAD / HTTP/1.0" 200 142 "https://spokanevalleyinsurance.net/" "Mozilla/5.0+(compatible; UptimeRobot/2.0; http://www.uptimerobot.com/)"
172.68.38.102 - - [30/Apr/2020:05:38:16 -0700] "POST /wp-cron.php?doing_wp_cron=1588250296.4621078968048095703125 HTTP/1.0" 200 383 "https://spokanevalleyinsurance.net/wp-cron.php?doing_wp_cron=1588250296.4621078968048095703125" "WordPress/5.2.5; https://spokanevalleyinsurance.net"
172.68.38.56 - - [30/Apr/2020:05:48:15 -0700] "HEAD / HTTP/1.0" 200 142 "https://spokanevalleyinsurance.net/" "Mozilla/5.0+(compatible; UptimeRobot/2.0; http://www.uptimerobot.com/)"
172.68.38.120 - - [30/Apr/2020:05:53:15 -0700] "HEAD / HTTP/1.0" 200 142 "https://spokanevalleyinsurance.net/" "Mozilla/5.0+(compatible; UptimeRobot/2.0; http://www.uptimerobot.com/)"
172.68.38.102 - - [30/Apr/2020:05:58:15 -0700] "HEAD / HTTP/1.0" 200 142 "https://spokanevalleyinsurance.net/" "Mozilla/5.0+(compatible; UptimeRobot/2.0; http://www.uptimerobot.com/)"
172.68.38.102 - - [30/Apr/2020:06:03:15 -0700] "HEAD / HTTP/1.0" 200 142 "https://spokanevalleyinsurance.net/" "Mozilla/5.0+(compatible; UptimeRobot/2.0; http://www.uptimerobot.com/)"
172.68.38.56 - - [30/Apr/2020:06:08:15 -0700] "HEAD / HTTP/1.0" 200 142 "https://spokanevalleyinsurance.net/" "Mozilla/5.0+(compatible; UptimeRobot/2.0; http://www.uptimerobot.com/)"
172.68.38.56 - - [30/Apr/2020:06:13:15 -0700] "HEAD / HTTP/1.0" 200 142 "https://spokanevalleyinsurance.net/" "Mozilla/5.0+(compatible; UptimeRobot/2.0; http://www.uptimerobot.com/)"
172.68.38.100 - - [30/Apr/2020:06:18:15 -0700] "HEAD / HTTP/1.0" 200 142 "https://spokanevalleyinsurance.net/" "Mozilla/5.0+(compatible; UptimeRobot/2.0; http://www.uptimerobot.com/)"
172.68.38.120 - - [30/Apr/2020:06:23:15 -0700] "HEAD / HTTP/1.0" 200 142 "https://spokanevalleyinsurance.net/" "Mozilla/5.0+(compatible; UptimeRobot/2.0; http://www.uptimerobot.com/)"
172.68.38.102 - - [30/Apr/2020:06:28:15 -0700] "HEAD / HTTP/1.0" 200 142 "https://spokanevalleyinsurance.net/" "Mozilla/5.0+(compatible; UptimeRobot/2.0; http://www.uptimerobot.com/)"
162.158.74.13 - - [30/Apr/2020:06:32:50 -0700] "GET /robots.txt HTTP/1.0" 200 700 "-" "Mozilla/5.0 (compatible; Googlebot/2.1; +http://www.google.com/bot.html)"
162.158.74.21 - - [30/Apr/2020:06:32:51 -0700] "GET /wp-content/uploads/2019/12/6-umbrella-white.png HTTP/1.0" 200 456 "-" "Googlebot-Image/1.0"
172.68.38.102 - - [30/Apr/2020:06:32:50 -0700] "POST /wp-cron.php?doing_wp_cron=1588253570.0993070602416992187500 HTTP/1.0" 200 383 "https://spokanevalleyinsurance.net/wp-cron.php?doing_wp_cron=1588253570.0993070602416992187500" "WordPress/5.2.5; https://spokanevalleyinsurance.net"
172.68.38.56 - - [30/Apr/2020:06:33:15 -0700] "HEAD / HTTP/1.0" 200 142 "https://spokanevalleyinsurance.net/" "Mozilla/5.0+(compatible; UptimeRobot/2.0; http://www.uptimerobot.com/)"
172.68.38.120 - - [30/Apr/2020:06:38:15 -0700] "HEAD / HTTP/1.0" 200 142 "https://spokanevalleyinsurance.net/" "Mozilla/5.0+(compatible; UptimeRobot/2.0; http://www.uptimerobot.com/)"
74.208.129.167 - - [30/Apr/2020:06:43:10 -0700] "HEAD / HTTP/1.0" 200 142 "-" "-"
172.68.38.120 - - [30/Apr/2020:06:43:12 -0700] "POST /wp-admin/upgrade.php?step=upgrade_db HTTP/1.0" 200 451 "https://spokanevalleyinsurance.net/wp-admin/upgrade.php?step=upgrade_db" "WordPress/5.2.5; https://spokanevalleyinsurance.net"
74.208.129.167 - - [30/Apr/2020:06:43:14 -0700] "HEAD / HTTP/1.0" 200 142 "-" "-"
172.68.38.56 - - [30/Apr/2020:06:43:15 -0700] "HEAD / HTTP/1.0" 200 142 "https://spokanevalleyinsurance.net/" "Mozilla/5.0+(compatible; UptimeRobot/2.0; http://www.uptimerobot.com/)"
172.68.38.120 - - [30/Apr/2020:06:48:15 -0700] "HEAD / HTTP/1.0" 200 142 "https://spokanevalleyinsurance.net/" "Mozilla/5.0+(compatible; UptimeRobot/2.0; http://www.uptimerobot.com/)"
172.68.38.56 - - [30/Apr/2020:06:53:15 -0700] "HEAD / HTTP/1.0" 200 142 "https://spokanevalleyinsurance.net/" "Mozilla/5.0+(compatible; UptimeRobot/2.0; http://www.uptimerobot.com/)"
172.68.38.56 - - [30/Apr/2020:06:58:15 -0700] "HEAD / HTTP/1.0" 200 142 "https://spokanevalleyinsurance.net/" "Mozilla/5.0+(compatible; UptimeRobot/2.0; http://www.uptimerobot.com/)"
172.68.38.102 - - [30/Apr/2020:07:03:15 -0700] "HEAD / HTTP/1.0" 200 142 "https://spokanevalleyinsurance.net/" "Mozilla/5.0+(compatible; UptimeRobot/2.0; http://www.uptimerobot.com/)"
172.68.38.56 - - [30/Apr/2020:07:22:07 -0700] "HEAD / HTTP/1.0" 200 142 "https://spokanevalleyinsurance.net/" "Mozilla/5.0+(compatible; UptimeRobot/2.0; http://www.uptimerobot.com/)"
172.68.38.102 - - [30/Apr/2020:07:27:07 -0700] "HEAD / HTTP/1.0" 200 142 "https://spokanevalleyinsurance.net/" "Mozilla/5.0+(compatible; UptimeRobot/2.0; http://www.uptimerobot.com/)"
172.68.38.100 - - [30/Apr/2020:07:37:07 -0700] "HEAD / HTTP/1.0" 200 142 "https://spokanevalleyinsurance.net/" "Mozilla/5.0+(compatible; UptimeRobot/2.0; http://www.uptimerobot.com/)"
172.68.38.120 - - [30/Apr/2020:07:37:07 -0700] "POST /wp-cron.php?doing_wp_cron=1588257427.7856099605560302734375 HTTP/1.0" 200 383 "https://spokanevalleyinsurance.net/wp-cron.php?doing_wp_cron=1588257427.7856099605560302734375" "WordPress/5.2.6; https://spokanevalleyinsurance.net"
162.158.107.151 - - [30/Apr/2020:07:44:24 -0700] "GET / HTTP/1.0" 200 16332 "-" "Mozilla/5.0 (Windows NT 10.0; Win64; x64)AppleWebKit/537.36 (KHTML, like Gecko) Chrome/66.0.3359.181 Safari/537.36"
162.158.107.151 - - [30/Apr/2020:07:44:26 -0700] "GET / HTTP/1.0" 200 14341 "-" "Mozilla/5.0 (Windows NT 10.0; Win64; x64)AppleWebKit/537.36 (KHTML, like Gecko) Chrome/66.0.3359.181 Safari/537.36"
172.68.38.56 - - [30/Apr/2020:07:47:07 -0700] "HEAD / HTTP/1.0" 200 142 "https://spokanevalleyinsurance.net/" "Mozilla/5.0+(compatible; UptimeRobot/2.0; http://www.uptimerobot.com/)"
172.68.38.120 - - [30/Apr/2020:07:57:07 -0700] "HEAD / HTTP/1.0" 200 142 "https://spokanevalleyinsurance.net/" "Mozilla/5.0+(compatible; UptimeRobot/2.0; http://www.uptimerobot.com/)"
172.68.38.102 - - [30/Apr/2020:08:07:07 -0700] "HEAD / HTTP/1.0" 200 142 "https://spokanevalleyinsurance.net/" "Mozilla/5.0+(compatible; UptimeRobot/2.0; http://www.uptimerobot.com/)"
162.158.74.13 - - [30/Apr/2020:08:13:35 -0700] "GET /robots.txt HTTP/1.0" 200 700 "-" "Mozilla/5.0 (compatible; Googlebot/2.1; +http://www.google.com/bot.html)"
108.162.216.206 - - [30/Apr/2020:08:13:36 -0700] "GET / HTTP/1.0" 200 14356 "-" "Mozilla/5.0 (Linux; Android 6.0.1; Nexus 5X Build/MMB29P) AppleWebKit/537.36 (KHTML, like Gecko) Chrome/41.0.2272.96 Mobile Safari/537.36 (compatible; Googlebot/2.1; +http://www.google.com/bot.html)"
162.158.74.185 - - [30/Apr/2020:08:13:38 -0700] "GET /wp-includes/css/dist/block-library/theme.min.css?ver=5.2.6 HTTP/1.0" 200 428 "https://spokanevalleyinsurance.net/" "Mozilla/5.0 (Linux; Android 6.0.1; Nexus 5X Build/MMB29P) AppleWebKit/537.36 (KHTML, like Gecko) Chrome/80.0.3987.92 Mobile Safari/537.36 (compatible; Googlebot/2.1; +http://www.google.com/bot.html)"
162.158.75.138 - - [30/Apr/2020:08:13:39 -0700] "GET /wp-content/themes/insurance-agency/assets/css/font-awesome.css?ver=5.2.6 HTTP/1.0" 200 442 "https://spokanevalleyinsurance.net/" "Mozilla/5.0 (Linux; Android 6.0.1; Nexus 5X Build/MMB29P) AppleWebKit/537.36 (KHTML, like Gecko) Chrome/80.0.3987.92 Mobile Safari/537.36 (compatible; Googlebot/2.1; +http://www.google.com/bot.html)"
108.162.216.236 - - [30/Apr/2020:08:13:39 -0700] "GET /wp-content/plugins/unyson/framework/extensions/shortcodes/shortcodes/section/static/css/styles.css?ver=5.2.6 HTTP/1.0" 200 565 "https://spokanevalleyinsurance.net/" "Mozilla/5.0 (Linux; Android 6.0.1; Nexus 5X Build/MMB29P) AppleWebKit/537.36 (KHTML, like Gecko) Chrome/80.0.3987.92 Mobile Safari/537.36 (compatible; Googlebot/2.1; +http://www.google.com/bot.html)"
162.158.74.55 - - [30/Apr/2020:08:13:39 -0700] "GET /wp-content/plugins/unyson/framework/extensions/shortcodes/shortcodes/section/static/css/background.css?ver=5.2.6 HTTP/1.0" 200 482 "https://spokanevalleyinsurance.net/" "Mozilla/5.0 (Linux; Android 6.0.1; Nexus 5X Build/MMB29P) AppleWebKit/537.36 (KHTML, like Gecko) Chrome/80.0.3987.92 Mobile Safari/537.36 (compatible; Googlebot/2.1; +http://www.google.com/bot.html)"
162.158.75.64 - - [30/Apr/2020:08:13:39 -0700] "GET /wp-content/themes/insurance-agency/style.css?ver=5.2.6 HTTP/1.0" 200 1004 "https://spokanevalleyinsurance.net/" "Mozilla/5.0 (Linux; Android 6.0.1; Nexus 5X Build/MMB29P) AppleWebKit/537.36 (KHTML, like Gecko) Chrome/80.0.3987.92 Mobile Safari/537.36 (compatible; Googlebot/2.1; +http://www.google.com/bot.html)"
162.158.74.219 - - [30/Apr/2020:08:13:39 -0700] "GET /wp-content/themes/insurance-agency/style-default-blue.css?ver=5.2.6 HTTP/1.0" 200 437 "https://spokanevalleyinsurance.net/" "Mozilla/5.0 (Linux; Android 6.0.1; Nexus 5X Build/MMB29P) AppleWebKit/537.36 (KHTML, like Gecko) Chrome/80.0.3987.92 Mobile Safari/537.36 (compatible; Googlebot/2.1; +http://www.google.com/bot.html)"
108.162.216.206 - - [30/Apr/2020:08:13:39 -0700] "GET /wp-content/themes/insurance-agency/assets/css/bootstrap.css?ver=5.2.6 HTTP/1.0" 200 439 "https://spokanevalleyinsurance.net/" "Mozilla/5.0 (Linux; Android 6.0.1; Nexus 5X Build/MMB29P) AppleWebKit/537.36 (KHTML, like Gecko) Chrome/80.0.3987.92 Mobile Safari/537.36 (compatible; Googlebot/2.1; +http://www.google.com/bot.html)"
162.158.74.25 - - [30/Apr/2020:08:13:39 -0700] "GET /wp-includes/js/comment-reply.min.js?ver=5.2.6 HTTP/1.0" 200 429 "https://spokanevalleyinsurance.net/" "Mozilla/5.0 (Linux; Android 6.0.1; Nexus 5X Build/MMB29P) AppleWebKit/537.36 (KHTML, like Gecko) Chrome/80.0.3987.92 Mobile Safari/537.36 (compatible; Googlebot/2.1; +http://www.google.com/bot.html)"
162.158.74.183 - - [30/Apr/2020:08:13:40 -0700] "GET /wp-content/plugins/unyson/framework/extensions/shortcodes/shortcodes/accordion/static/css/styles.css?ver=5.2.6 HTTP/1.0" 200 1458 "https://spokanevalleyinsurance.net/" "Mozilla/5.0 (Linux; Android 6.0.1; Nexus 5X Build/MMB29P) AppleWebKit/537.36 (KHTML, like Gecko) Chrome/80.0.3987.92 Mobile Safari/537.36 (compatible; Googlebot/2.1; +http://www.google.com/bot.html)"
108.162.216.110 - - [30/Apr/2020:08:13:40 -0700] "GET /wp-includes/js/wp-embed.min.js?ver=5.2.6 HTTP/1.0" 200 424 "https://spokanevalleyinsurance.net/" "Mozilla/5.0 (Linux; Android 6.0.1; Nexus 5X Build/MMB29P) AppleWebKit/537.36 (KHTML, like Gecko) Chrome/80.0.3987.92 Mobile Safari/537.36 (compatible; Googlebot/2.1; +http://www.google.com/bot.html)"
108.162.216.138 - - [30/Apr/2020:08:13:40 -0700] "GET /wp-content/plugins/unyson/framework/extensions/shortcodes/shortcodes/section/static/js/core.js?ver=5.2.6 HTTP/1.0" 200 488 "https://spokanevalleyinsurance.net/" "Mozilla/5.0 (Linux; Android 6.0.1; Nexus 5X Build/MMB29P) AppleWebKit/537.36 (KHTML, like Gecko) Chrome/80.0.3987.92 Mobile Safari/537.36 (compatible; Googlebot/2.1; +http://www.google.com/bot.html)"
162.158.74.11 - - [30/Apr/2020:08:13:40 -0700] "GET /wp-content/plugins/unyson/framework/extensions/shortcodes/shortcodes/section/static/js/transition.js?ver=5.2.6 HTTP/1.0" 200 494 "https://spokanevalleyinsurance.net/" "Mozilla/5.0 (Linux; Android 6.0.1; Nexus 5X Build/MMB29P) AppleWebKit/537.36 (KHTML, like Gecko) Chrome/80.0.3987.92 Mobile Safari/537.36 (compatible; Googlebot/2.1; +http://www.google.com/bot.html)"
108.162.216.150 - - [30/Apr/2020:08:13:40 -0700] "GET /wp-content/plugins/unyson/framework/extensions/shortcodes/shortcodes/section/static/js/background.js?ver=5.2.6 HTTP/1.0" 200 494 "https://spokanevalleyinsurance.net/" "Mozilla/5.0 (Linux; Android 6.0.1; Nexus 5X Build/MMB29P) AppleWebKit/537.36 (KHTML, like Gecko) Chrome/80.0.3987.92 Mobile Safari/537.36 (compatible; Googlebot/2.1; +http://www.google.com/bot.html)"
162.158.74.83 - - [30/Apr/2020:08:13:41 -0700] "GET /wp-content/plugins/unyson/framework/extensions/shortcodes/shortcodes/section/static/js/background.init.js?ver=5.2.6 HTTP/1.0" 200 853 "https://spokanevalleyinsurance.net/" "Mozilla/5.0 (Linux; Android 6.0.1; Nexus 5X Build/MMB29P) AppleWebKit/537.36 (KHTML, like Gecko) Chrome/80.0.3987.92 Mobile Safari/537.36 (compatible; Googlebot/2.1; +http://www.google.com/bot.html)"
162.158.74.125 - - [30/Apr/2020:08:13:41 -0700] "GET /wp-content/plugins/unyson/framework/extensions/shortcodes/shortcodes/accordion/static/js/scripts.js?ver=5.2.6 HTTP/1.0" 200 579 "https://spokanevalleyinsurance.net/" "Mozilla/5.0 (Linux; Android 6.0.1; Nexus 5X Build/MMB29P) AppleWebKit/537.36 (KHTML, like Gecko) Chrome/80.0.3987.92 Mobile Safari/537.36 (compatible; Googlebot/2.1; +http://www.google.com/bot.html)"
162.158.75.160 - - [30/Apr/2020:08:13:41 -0700] "GET /wp-includes/js/wp-emoji-release.min.js?ver=5.2.6 HTTP/1.0" 200 460 "https://spokanevalleyinsurance.net/" "Mozilla/5.0 (Linux; Android 6.0.1; Nexus 5X Build/MMB29P) AppleWebKit/537.36 (KHTML, like Gecko) Chrome/80.0.3987.92 Mobile Safari/537.36 (compatible; Googlebot/2.1; +http://www.google.com/bot.html)"
172.68.38.120 - - [30/Apr/2020:08:17:07 -0700] "HEAD / HTTP/1.0" 200 142 "https://spokanevalleyinsurance.net/" "Mozilla/5.0+(compatible; UptimeRobot/2.0; http://www.uptimerobot.com/)"
172.68.38.56 - - [30/Apr/2020:08:27:07 -0700] "HEAD / HTTP/1.0" 200 142 "https://spokanevalleyinsurance.net/" "Mozilla/5.0+(compatible; UptimeRobot/2.0; http://www.uptimerobot.com/)"
172.68.38.102 - - [30/Apr/2020:08:32:07 -0700] "HEAD / HTTP/1.0" 200 142 "https://spokanevalleyinsurance.net/" "Mozilla/5.0+(compatible; UptimeRobot/2.0; http://www.uptimerobot.com/)"
172.68.38.120 - - [30/Apr/2020:08:32:08 -0700] "POST /wp-cron.php?doing_wp_cron=1588260727.8091518878936767578125 HTTP/1.0" 200 383 "https://spokanevalleyinsurance.net/wp-cron.php?doing_wp_cron=1588260727.8091518878936767578125" "WordPress/5.2.6; https://spokanevalleyinsurance.net"
172.68.38.100 - - [30/Apr/2020:08:37:07 -0700] "HEAD / HTTP/1.0" 200 142 "https://spokanevalleyinsurance.net/" "Mozilla/5.0+(compatible; UptimeRobot/2.0; http://www.uptimerobot.com/)"
172.68.38.120 - - [30/Apr/2020:08:42:07 -0700] "HEAD / HTTP/1.0" 200 142 "https://spokanevalleyinsurance.net/" "Mozilla/5.0+(compatible; UptimeRobot/2.0; http://www.uptimerobot.com/)"
172.68.38.56 - - [30/Apr/2020:08:47:07 -0700] "HEAD / HTTP/1.0" 200 142 "https://spokanevalleyinsurance.net/" "Mozilla/5.0+(compatible; UptimeRobot/2.0; http://www.uptimerobot.com/)"
172.68.38.56 - - [30/Apr/2020:08:52:07 -0700] "HEAD / HTTP/1.0" 200 142 "https://spokanevalleyinsurance.net/" "Mozilla/5.0+(compatible; UptimeRobot/2.0; http://www.uptimerobot.com/)"
172.68.38.100 - - [30/Apr/2020:08:57:07 -0700] "HEAD / HTTP/1.0" 200 142 "https://spokanevalleyinsurance.net/" "Mozilla/5.0+(compatible; UptimeRobot/2.0; http://www.uptimerobot.com/)"
172.69.33.251 - - [30/Apr/2020:08:58:04 -0700] "POST /xmlrpc.php HTTP/1.0" 200 759 "-" "WordPress"
172.68.38.120 - - [30/Apr/2020:09:02:07 -0700] "HEAD / HTTP/1.0" 200 142 "https://spokanevalleyinsurance.net/" "Mozilla/5.0+(compatible; UptimeRobot/2.0; http://www.uptimerobot.com/)"
172.68.38.120 - - [30/Apr/2020:09:07:07 -0700] "HEAD / HTTP/1.0" 200 142 "https://spokanevalleyinsurance.net/" "Mozilla/5.0+(compatible; UptimeRobot/2.0; http://www.uptimerobot.com/)"
172.68.38.56 - - [30/Apr/2020:09:12:07 -0700] "HEAD / HTTP/1.0" 200 142 "https://spokanevalleyinsurance.net/" "Mozilla/5.0+(compatible; UptimeRobot/2.0; http://www.uptimerobot.com/)"
172.68.38.102 - - [30/Apr/2020:09:17:07 -0700] "HEAD / HTTP/1.0" 200 142 "https://spokanevalleyinsurance.net/" "Mozilla/5.0+(compatible; UptimeRobot/2.0; http://www.uptimerobot.com/)"
172.68.38.102 - - [30/Apr/2020:09:22:07 -0700] "HEAD / HTTP/1.0" 200 142 "https://spokanevalleyinsurance.net/" "Mozilla/5.0+(compatible; UptimeRobot/2.0; http://www.uptimerobot.com/)"
172.69.34.232 - - [30/Apr/2020:09:22:33 -0700] "POST /xmlrpc.php HTTP/1.0" 200 759 "-" "Windows Live Writter"
172.68.38.102 - - [30/Apr/2020:09:27:07 -0700] "HEAD / HTTP/1.0" 200 142 "https://spokanevalleyinsurance.net/" "Mozilla/5.0+(compatible; UptimeRobot/2.0; http://www.uptimerobot.com/)"
172.68.38.100 - - [30/Apr/2020:09:32:07 -0700] "HEAD / HTTP/1.0" 200 142 "https://spokanevalleyinsurance.net/" "Mozilla/5.0+(compatible; UptimeRobot/2.0; http://www.uptimerobot.com/)"
172.68.38.120 - - [30/Apr/2020:09:32:08 -0700] "POST /wp-cron.php?doing_wp_cron=1588264328.0987789630889892578125 HTTP/1.0" 200 383 "https://spokanevalleyinsurance.net/wp-cron.php?doing_wp_cron=1588264328.0987789630889892578125" "WordPress/5.2.6; https://spokanevalleyinsurance.net"
172.68.38.102 - - [30/Apr/2020:09:37:07 -0700] "HEAD / HTTP/1.0" 200 142 "https://spokanevalleyinsurance.net/" "Mozilla/5.0+(compatible; UptimeRobot/2.0; http://www.uptimerobot.com/)"
172.68.38.100 - - [30/Apr/2020:09:42:07 -0700] "HEAD / HTTP/1.0" 200 142 "https://spokanevalleyinsurance.net/" "Mozilla/5.0+(compatible; UptimeRobot/2.0; http://www.uptimerobot.com/)"
172.68.38.56 - - [30/Apr/2020:09:47:07 -0700] "HEAD / HTTP/1.0" 200 142 "https://spokanevalleyinsurance.net/" "Mozilla/5.0+(compatible; UptimeRobot/2.0; http://www.uptimerobot.com/)"
172.69.190.66 - - [30/Apr/2020:09:50:53 -0700] "POST /wp-content/uploads/bb.php HTTP/1.0" 404 18989 "-" "Mozilla/5.0 (Windows NT 10.0; Win64; x64; rv:67.0) Gecko/20100101 Firefox/67.0"
172.68.38.102 - - [30/Apr/2020:09:52:07 -0700] "HEAD / HTTP/1.0" 200 142 "https://spokanevalleyinsurance.net/" "Mozilla/5.0+(compatible; UptimeRobot/2.0; http://www.uptimerobot.com/)"
172.68.38.56 - - [30/Apr/2020:09:57:07 -0700] "HEAD / HTTP/1.0" 200 142 "https://spokanevalleyinsurance.net/" "Mozilla/5.0+(compatible; UptimeRobot/2.0; http://www.uptimerobot.com/)"
172.68.38.120 - - [30/Apr/2020:10:02:07 -0700] "HEAD / HTTP/1.0" 200 3267 "https://spokanevalleyinsurance.net/" "Mozilla/5.0+(compatible; UptimeRobot/2.0; http://www.uptimerobot.com/)"
162.158.74.13 - - [30/Apr/2020:10:02:58 -0700] "GET /robots.txt HTTP/1.0" 200 700 "-" "Mozilla/5.0 (compatible; Googlebot/2.1; +http://www.google.com/bot.html)"
162.158.74.81 - - [30/Apr/2020:10:02:59 -0700] "GET /wp-content/uploads/2019/08/Patrick-Linebarger.jpg HTTP/1.0" 200 459 "-" "Googlebot-Image/1.0"
162.158.63.12 - - [30/Apr/2020:10:03:31 -0700] "GET / HTTP/1.0" 200 16331 "http://www.google.com/url?url=spokanevalleyinsurance.net&yahoo.com" "Mozilla/5.0 (compatible; MSIE 9.0; Windows NT 6.1; WOW64; Trident/6.0)"
108.162.219.74 - - [30/Apr/2020:10:03:33 -0700] "GET /th1s_1s_a_4o4.html HTTP/1.0" 404 19018 "-" "SiteLockSpider [en] (WinNT; I ;Nav)"
162.158.63.58 - - [30/Apr/2020:10:03:34 -0700] "GET /?=1&s=1 HTTP/1.0" 200 8444 "http://www.google.com/url?url=spokanevalleyinsurance.net&yahoo.com" "Mozilla/5.0 (compatible; MSIE 9.0; Windows NT 6.1; WOW64; Trident/6.0)"
108.162.219.40 - - [30/Apr/2020:10:03:35 -0700] "GET /feed/ HTTP/1.0" 200 1573 "http://www.google.com/url?url=spokanevalleyinsurance.net&yahoo.com" "Mozilla/5.0 (compatible; MSIE 9.0; Windows NT 6.1; WOW64; Trident/6.0)"
162.158.62.135 - - [30/Apr/2020:10:03:35 -0700] "GET /wp-json/ HTTP/1.0" 200 80699 "http://www.google.com/url?url=spokanevalleyinsurance.net&yahoo.com" "Mozilla/5.0 (compatible; MSIE 9.0; Windows NT 6.1; WOW64; Trident/6.0)"
162.158.62.111 - - [30/Apr/2020:10:03:36 -0700] "GET /about/ HTTP/1.0" 200 10172 "http://www.google.com/url?url=spokanevalleyinsurance.net&yahoo.com" "Mozilla/5.0 (compatible; MSIE 9.0; Windows NT 6.1; WOW64; Trident/6.0)"
108.162.219.12 - - [30/Apr/2020:10:03:37 -0700] "GET /business-insurance/ HTTP/1.0" 200 11020 "http://www.google.com/url?url=spokanevalleyinsurance.net&yahoo.com" "Mozilla/5.0 (compatible; MSIE 9.0; Windows NT 6.1; WOW64; Trident/6.0)"
162.158.62.233 - - [30/Apr/2020:10:03:38 -0700] "GET /umbrella-insurance/ HTTP/1.0" 200 10698 "http://www.google.com/url?url=spokanevalleyinsurance.net&yahoo.com" "Mozilla/5.0 (compatible; MSIE 9.0; Windows NT 6.1; WOW64; Trident/6.0)"
108.162.219.102 - - [30/Apr/2020:10:03:39 -0700] "GET /xmlrpc.php?rsd HTTP/1.0" 200 1254 "-" "SiteLockSpider [en] (WinNT; I ;Nav)"
162.158.62.135 - - [30/Apr/2020:10:03:39 -0700] "GET /house-insurance/ HTTP/1.0" 200 11122 "http://www.google.com/url?url=spokanevalleyinsurance.net&yahoo.com" "Mozilla/5.0 (compatible; MSIE 9.0; Windows NT 6.1; WOW64; Trident/6.0)"
108.162.219.74 - - [30/Apr/2020:10:03:41 -0700] "GET /xmlrpc.php HTTP/1.0" 405 456 "-" "SiteLockSpider [en] (WinNT; I ;Nav)"
162.158.62.235 - - [30/Apr/2020:10:03:41 -0700] "GET /skype:...?call HTTP/1.0" 301 585 "-" "SiteLockSpider [en] (WinNT; I ;Nav)"
108.162.219.12 - - [30/Apr/2020:10:03:41 -0700] "GET /skype:?call HTTP/1.0" 404 18960 "-" "SiteLockSpider [en] (WinNT; I ;Nav)"
108.162.219.38 - - [30/Apr/2020:10:03:42 -0700] "GET /other-insurance/ HTTP/1.0" 200 10374 "http://www.google.com/url?url=spokanevalleyinsurance.net&yahoo.com" "Mozilla/5.0 (compatible; MSIE 9.0; Windows NT 6.1; WOW64; Trident/6.0)"
162.158.62.111 - - [30/Apr/2020:10:03:43 -0700] "GET /renters-insurance/ HTTP/1.0" 200 10767 "http://www.google.com/url?url=spokanevalleyinsurance.net&yahoo.com" "Mozilla/5.0 (compatible; MSIE 9.0; Windows NT 6.1; WOW64; Trident/6.0)"
162.158.62.181 - - [30/Apr/2020:10:03:44 -0700] "GET /contact/ HTTP/1.0" 200 9426 "http://www.google.com/url?url=spokanevalleyinsurance.net&yahoo.com" "Mozilla/5.0 (compatible; MSIE 9.0; Windows NT 6.1; WOW64; Trident/6.0)"
108.162.219.32 - - [30/Apr/2020:10:03:45 -0700] "GET /blog/ HTTP/1.0" 200 7740 "http://www.google.com/url?url=spokanevalleyinsurance.net&yahoo.com" "Mozilla/5.0 (compatible; MSIE 9.0; Windows NT 6.1; WOW64; Trident/6.0)"
162.158.62.235 - - [30/Apr/2020:10:03:46 -0700] "GET /auto-insurance/ HTTP/1.0" 200 11427 "http://www.google.com/url?url=spokanevalleyinsurance.net&yahoo.com" "Mozilla/5.0 (compatible; MSIE 9.0; Windows NT 6.1; WOW64; Trident/6.0)"
108.162.219.12 - - [30/Apr/2020:10:03:47 -0700] "GET /team/renee-anderson/ HTTP/1.0" 200 9127 "http://www.google.com/url?url=spokanevalleyinsurance.net&yahoo.com" "Mozilla/5.0 (compatible; MSIE 9.0; Windows NT 6.1; WOW64; Trident/6.0)"
162.158.62.233 - - [30/Apr/2020:10:03:48 -0700] "GET /team/missy-whitehead/ HTTP/1.0" 200 9013 "http://www.google.com/url?url=spokanevalleyinsurance.net&yahoo.com" "Mozilla/5.0 (compatible; MSIE 9.0; Windows NT 6.1; WOW64; Trident/6.0)"
162.158.63.202 - - [30/Apr/2020:10:03:49 -0700] "GET /about/skype:...?call HTTP/1.0" 301 591 "-" "SiteLockSpider [en] (WinNT; I ;Nav)"
162.158.62.15 - - [30/Apr/2020:10:03:49 -0700] "GET /about/skype:?call HTTP/1.0" 404 18960 "-" "SiteLockSpider [en] (WinNT; I ;Nav)"
173.245.52.205 - - [30/Apr/2020:10:03:50 -0700] "GET /comments/feed/ HTTP/1.0" 200 1467 "http://www.google.com/url?url=spokanevalleyinsurance.net&yahoo.com" "Mozilla/5.0 (compatible; MSIE 9.0; Windows NT 6.1; WOW64; Trident/6.0)"
162.158.62.179 - - [30/Apr/2020:10:03:50 -0700] "GET /umbrella-insurance/skype:...?call HTTP/1.0" 301 604 "-" "SiteLockSpider [en] (WinNT; I ;Nav)"
108.162.219.32 - - [30/Apr/2020:10:03:51 -0700] "GET /umbrella-insurance/skype:?call HTTP/1.0" 404 18960 "-" "SiteLockSpider [en] (WinNT; I ;Nav)"
108.162.219.40 - - [30/Apr/2020:10:03:51 -0700] "GET /other-insurance/skype:...?call HTTP/1.0" 301 601 "-" "SiteLockSpider [en] (WinNT; I ;Nav)"
108.162.219.40 - - [30/Apr/2020:10:03:51 -0700] "GET /other-insurance/skype:?call HTTP/1.0" 404 18960 "-" "SiteLockSpider [en] (WinNT; I ;Nav)"
108.162.219.74 - - [30/Apr/2020:10:03:52 -0700] "GET /contact/skype:...?call HTTP/1.0" 301 593 "-" "SiteLockSpider [en] (WinNT; I ;Nav)"
162.158.62.179 - - [30/Apr/2020:10:03:52 -0700] "GET /contact/skype:?call HTTP/1.0" 404 18960 "-" "SiteLockSpider [en] (WinNT; I ;Nav)"
108.162.219.84 - - [30/Apr/2020:10:03:53 -0700] "GET /auto-insurance/skype:...?call HTTP/1.0" 301 600 "-" "SiteLockSpider [en] (WinNT; I ;Nav)"
162.158.63.12 - - [30/Apr/2020:10:03:53 -0700] "GET /auto-insurance/skype:?call HTTP/1.0" 404 18960 "-" "SiteLockSpider [en] (WinNT; I ;Nav)"
162.158.62.135 - - [30/Apr/2020:10:03:53 -0700] "GET /wp-includes/wlwmanifest.xml HTTP/1.0" 200 435 "http://www.google.com/url?url=spokanevalleyinsurance.net&yahoo.com" "Mozilla/5.0 (compatible; MSIE 9.0; Windows NT 6.1; WOW64; Trident/6.0)"
162.158.187.99 - - [30/Apr/2020:10:05:29 -0700] "GET //index.php HTTP/1.0" 301 631 "-" "Cpanel-HTTP-Client/1.0"
162.158.187.99 - - [30/Apr/2020:10:05:30 -0700] "GET / HTTP/1.0" 200 14341 "-" "Cpanel-HTTP-Client/1.0"
162.158.187.235 - - [30/Apr/2020:10:05:30 -0700] "GET //index.php HTTP/1.0" 301 603 "-" "Cpanel-HTTP-Client/1.0"
162.158.187.235 - - [30/Apr/2020:10:05:30 -0700] "GET / HTTP/1.0" 200 14341 "-" "Cpanel-HTTP-Client/1.0"
162.158.186.70 - - [30/Apr/2020:10:05:31 -0700] "GET //index.php HTTP/1.0" 301 603 "-" "Cpanel-HTTP-Client/1.0"
162.158.186.70 - - [30/Apr/2020:10:05:31 -0700] "GET / HTTP/1.0" 200 14341 "-" "Cpanel-HTTP-Client/1.0"
162.158.187.241 - - [30/Apr/2020:10:05:32 -0700] "GET //index.php HTTP/1.0" 301 603 "-" "Cpanel-HTTP-Client/1.0"
162.158.187.241 - - [30/Apr/2020:10:05:32 -0700] "GET / HTTP/1.0" 200 14341 "-" "Cpanel-HTTP-Client/1.0"
172.68.38.56 - - [30/Apr/2020:10:07:07 -0700] "HEAD / HTTP/1.0" 200 142 "https://spokanevalleyinsurance.net/" "Mozilla/5.0+(compatible; UptimeRobot/2.0; http://www.uptimerobot.com/)"
172.68.38.102 - - [30/Apr/2020:10:12:07 -0700] "HEAD / HTTP/1.0" 200 142 "https://spokanevalleyinsurance.net/" "Mozilla/5.0+(compatible; UptimeRobot/2.0; http://www.uptimerobot.com/)"
172.68.38.120 - - [30/Apr/2020:10:17:07 -0700] "HEAD / HTTP/1.0" 200 142 "https://spokanevalleyinsurance.net/" "Mozilla/5.0+(compatible; UptimeRobot/2.0; http://www.uptimerobot.com/)"
172.68.38.102 - - [30/Apr/2020:10:22:07 -0700] "HEAD / HTTP/1.0" 200 142 "https://spokanevalleyinsurance.net/" "Mozilla/5.0+(compatible; UptimeRobot/2.0; http://www.uptimerobot.com/)"
172.68.38.56 - - [30/Apr/2020:10:27:07 -0700] "HEAD / HTTP/1.0" 200 142 "https://spokanevalleyinsurance.net/" "Mozilla/5.0+(compatible; UptimeRobot/2.0; http://www.uptimerobot.com/)"
172.68.38.120 - - [30/Apr/2020:10:32:07 -0700] "HEAD / HTTP/1.0" 200 142 "https://spokanevalleyinsurance.net/" "Mozilla/5.0+(compatible; UptimeRobot/2.0; http://www.uptimerobot.com/)"
172.68.38.120 - - [30/Apr/2020:10:32:08 -0700] "POST /wp-cron.php?doing_wp_cron=1588267928.0689411163330078125000 HTTP/1.0" 200 383 "https://spokanevalleyinsurance.net/wp-cron.php?doing_wp_cron=1588267928.0689411163330078125000" "WordPress/5.2.6; https://spokanevalleyinsurance.net"
141.101.69.177 - - [30/Apr/2020:10:41:05 -0700] "GET /wp-login.php HTTP/1.0" 200 1880 "-" "Mozilla/5.0 (Windows NT 10.0; WOW64; rv:51.0) Gecko/20100101 Firefox/51.0"
141.101.69.177 - - [30/Apr/2020:10:41:06 -0700] "GET /?author=1 HTTP/1.0" 404 19018 "-" "Mozilla/5.0 (Windows NT 10.0; WOW64; rv:51.0) Gecko/20100101 Firefox/51.0"
141.101.69.177 - - [30/Apr/2020:10:41:09 -0700] "GET /?author=12 HTTP/1.0" 404 18960 "-" "Mozilla/5.0 (Windows NT 10.0; WOW64; rv:51.0) Gecko/20100101 Firefox/51.0"
141.101.69.177 - - [30/Apr/2020:10:41:11 -0700] "GET /?author=123 HTTP/1.0" 404 18960 "-" "Mozilla/5.0 (Windows NT 10.0; WOW64; rv:51.0) Gecko/20100101 Firefox/51.0"
141.101.69.177 - - [30/Apr/2020:10:41:12 -0700] "GET /wp-json/wp/v2/users/1 HTTP/1.0" 404 749 "-" "Mozilla/5.0 (Windows NT 10.0; WOW64; rv:51.0) Gecko/20100101 Firefox/51.0"
141.101.69.177 - - [30/Apr/2020:10:41:13 -0700] "GET /wp-json/wp/v2/users/2 HTTP/1.0" 401 778 "-" "Mozilla/5.0 (Windows NT 10.0; WOW64; rv:51.0) Gecko/20100101 Firefox/51.0"
141.101.69.177 - - [30/Apr/2020:10:41:14 -0700] "GET /wp-json/wp/v2/users/3 HTTP/1.0" 401 778 "-" "Mozilla/5.0 (Windows NT 10.0; WOW64; rv:51.0) Gecko/20100101 Firefox/51.0"
172.68.38.56 - - [30/Apr/2020:10:43:06 -0700] "HEAD / HTTP/1.0" 200 142 "https://spokanevalleyinsurance.net/" "Mozilla/5.0+(compatible; UptimeRobot/2.0; http://www.uptimerobot.com/)"
108.162.246.237 - - [30/Apr/2020:10:44:29 -0700] "GET / HTTP/1.0" 200 16330 "-" "Mozilla/5.0 (Windows NT 10.0; Win64; x64)AppleWebKit/537.36 (KHTML, like Gecko) Chrome/66.0.3359.181 Safari/537.36"
162.158.106.214 - - [30/Apr/2020:10:44:30 -0700] "GET / HTTP/1.0" 200 14341 "-" "Mozilla/5.0 (Windows NT 10.0; Win64; x64)AppleWebKit/537.36 (KHTML, like Gecko) Chrome/66.0.3359.181 Safari/537.36"
162.158.92.152 - - [30/Apr/2020:10:47:25 -0700] "GET / HTTP/1.0" 200 16317 "https://spokanevalleyinsurance.net/" "Mozilla/5.0 (Windows NT 10.0; Win64; x64) AppleWebKit/537.36 (KHTML, like Gecko) Chrome/68.0.3440.84 Safari/537.36"
162.158.93.211 - - [30/Apr/2020:10:47:26 -0700] "GET /contact/ HTTP/1.0" 200 9395 "https://spokanevalleyinsurance.net/contact/" "Mozilla/5.0 (Windows NT 10.0; Win64; x64) AppleWebKit/537.36 (KHTML, like Gecko) Chrome/68.0.3440.84 Safari/537.36"
162.158.88.30 - - [30/Apr/2020:10:47:27 -0700] "POST /contact/ HTTP/1.0" 200 8304 "https://spokanevalleyinsurance.net/contact/" "Mozilla/5.0 (Windows NT 10.0; Win64; x64) AppleWebKit/537.36 (KHTML, like Gecko) Chrome/68.0.3440.84 Safari/537.36"
172.68.38.100 - - [30/Apr/2020:10:48:06 -0700] "HEAD / HTTP/1.0" 200 142 "https://spokanevalleyinsurance.net/" "Mozilla/5.0+(compatible; UptimeRobot/2.0; http://www.uptimerobot.com/)"
172.68.38.102 - - [30/Apr/2020:10:53:06 -0700] "HEAD / HTTP/1.0" 200 142 "https://spokanevalleyinsurance.net/" "Mozilla/5.0+(compatible; UptimeRobot/2.0; http://www.uptimerobot.com/)"
172.68.38.56 - - [30/Apr/2020:10:58:06 -0700] "HEAD / HTTP/1.0" 200 142 "https://spokanevalleyinsurance.net/" "Mozilla/5.0+(compatible; UptimeRobot/2.0; http://www.uptimerobot.com/)"
172.68.38.102 - - [30/Apr/2020:11:03:06 -0700] "HEAD / HTTP/1.0" 200 142 "https://spokanevalleyinsurance.net/" "Mozilla/5.0+(compatible; UptimeRobot/2.0; http://www.uptimerobot.com/)"
172.68.38.120 - - [30/Apr/2020:11:08:06 -0700] "HEAD / HTTP/1.0" 200 142 "https://spokanevalleyinsurance.net/" "Mozilla/5.0+(compatible; UptimeRobot/2.0; http://www.uptimerobot.com/)"
172.68.38.100 - - [30/Apr/2020:11:13:06 -0700] "HEAD / HTTP/1.0" 200 142 "https://spokanevalleyinsurance.net/" "Mozilla/5.0+(compatible; UptimeRobot/2.0; http://www.uptimerobot.com/)"
172.68.38.100 - - [30/Apr/2020:11:18:06 -0700] "HEAD / HTTP/1.0" 200 142 "https://spokanevalleyinsurance.net/" "Mozilla/5.0+(compatible; UptimeRobot/2.0; http://www.uptimerobot.com/)"
172.68.38.102 - - [30/Apr/2020:11:23:06 -0700] "HEAD / HTTP/1.0" 200 142 "https://spokanevalleyinsurance.net/" "Mozilla/5.0+(compatible; UptimeRobot/2.0; http://www.uptimerobot.com/)"
172.68.38.120 - - [30/Apr/2020:11:28:06 -0700] "HEAD / HTTP/1.0" 200 142 "https://spokanevalleyinsurance.net/" "Mozilla/5.0+(compatible; UptimeRobot/2.0; http://www.uptimerobot.com/)"
162.158.79.35 - - [30/Apr/2020:11:30:31 -0700] "GET /robots.txt HTTP/1.0" 200 700 "-" "Mozilla/5.0 (compatible; SemrushBot/6~bl; +http://www.semrush.com/bot.html)"
172.68.65.198 - - [30/Apr/2020:11:30:32 -0700] "GET /team/missy-whitehead/ HTTP/1.0" 200 7160 "-" "Mozilla/5.0 (compatible; SemrushBot/6~bl; +http://www.semrush.com/bot.html)"
172.68.38.100 - - [30/Apr/2020:11:33:06 -0700] "HEAD / HTTP/1.0" 200 142 "https://spokanevalleyinsurance.net/" "Mozilla/5.0+(compatible; UptimeRobot/2.0; http://www.uptimerobot.com/)"
172.68.38.56 - - [30/Apr/2020:11:33:06 -0700] "POST /wp-cron.php?doing_wp_cron=1588271586.7588980197906494140625 HTTP/1.0" 200 383 "https://spokanevalleyinsurance.net/wp-cron.php?doing_wp_cron=1588271586.7588980197906494140625" "WordPress/5.2.6; https://spokanevalleyinsurance.net"
172.68.38.102 - - [30/Apr/2020:11:38:06 -0700] "HEAD / HTTP/1.0" 200 142 "https://spokanevalleyinsurance.net/" "Mozilla/5.0+(compatible; UptimeRobot/2.0; http://www.uptimerobot.com/)"
172.68.38.120 - - [30/Apr/2020:11:43:06 -0700] "HEAD / HTTP/1.0" 200 142 "https://spokanevalleyinsurance.net/" "Mozilla/5.0+(compatible; UptimeRobot/2.0; http://www.uptimerobot.com/)"
172.68.38.56 - - [30/Apr/2020:11:48:06 -0700] "HEAD / HTTP/1.0" 200 142 "https://spokanevalleyinsurance.net/" "Mozilla/5.0+(compatible; UptimeRobot/2.0; http://www.uptimerobot.com/)"
172.68.38.100 - - [30/Apr/2020:11:53:06 -0700] "HEAD / HTTP/1.0" 200 142 "https://spokanevalleyinsurance.net/" "Mozilla/5.0+(compatible; UptimeRobot/2.0; http://www.uptimerobot.com/)"
172.68.38.102 - - [30/Apr/2020:11:58:06 -0700] "HEAD / HTTP/1.0" 200 142 "https://spokanevalleyinsurance.net/" "Mozilla/5.0+(compatible; UptimeRobot/2.0; http://www.uptimerobot.com/)"
172.68.38.120 - - [30/Apr/2020:12:03:06 -0700] "HEAD / HTTP/1.0" 200 142 "https://spokanevalleyinsurance.net/" "Mozilla/5.0+(compatible; UptimeRobot/2.0; http://www.uptimerobot.com/)"
108.162.210.254 - - [30/Apr/2020:12:06:15 -0700] "GET / HTTP/1.0" 200 14356 "-" "Mozilla/5.0 (compatible; Nimbostratus-Bot/v1.3.2; http://cloudsystemnetworks.com)"
172.68.38.56 - - [30/Apr/2020:12:08:07 -0700] "HEAD / HTTP/1.0" 200 142 "https://spokanevalleyinsurance.net/" "Mozilla/5.0+(compatible; UptimeRobot/2.0; http://www.uptimerobot.com/)"
172.68.38.102 - - [30/Apr/2020:12:13:07 -0700] "HEAD / HTTP/1.0" 200 142 "https://spokanevalleyinsurance.net/" "Mozilla/5.0+(compatible; UptimeRobot/2.0; http://www.uptimerobot.com/)"
172.68.38.56 - - [30/Apr/2020:12:18:07 -0700] "HEAD / HTTP/1.0" 200 142 "https://spokanevalleyinsurance.net/" "Mozilla/5.0+(compatible; UptimeRobot/2.0; http://www.uptimerobot.com/)"
162.158.183.147 - - [30/Apr/2020:12:19:46 -0700] "GET / HTTP/1.0" 200 14356 "http://spokanevalleyinsurance.net/" "Go-http-client/1.1"
172.68.38.56 - - [30/Apr/2020:12:23:07 -0700] "HEAD / HTTP/1.0" 200 142 "https://spokanevalleyinsurance.net/" "Mozilla/5.0+(compatible; UptimeRobot/2.0; http://www.uptimerobot.com/)"
172.68.38.120 - - [30/Apr/2020:12:28:06 -0700] "HEAD / HTTP/1.0" 200 142 "https://spokanevalleyinsurance.net/" "Mozilla/5.0+(compatible; UptimeRobot/2.0; http://www.uptimerobot.com/)"
172.68.38.100 - - [30/Apr/2020:12:33:06 -0700] "HEAD / HTTP/1.0" 200 142 "https://spokanevalleyinsurance.net/" "Mozilla/5.0+(compatible; UptimeRobot/2.0; http://www.uptimerobot.com/)"
172.68.38.100 - - [30/Apr/2020:12:33:07 -0700] "POST /wp-cron.php?doing_wp_cron=1588275186.8267080783843994140625 HTTP/1.0" 200 383 "https://spokanevalleyinsurance.net/wp-cron.php?doing_wp_cron=1588275186.8267080783843994140625" "WordPress/5.2.6; https://spokanevalleyinsurance.net"
172.68.38.102 - - [30/Apr/2020:12:38:06 -0700] "HEAD / HTTP/1.0" 200 142 "https://spokanevalleyinsurance.net/" "Mozilla/5.0+(compatible; UptimeRobot/2.0; http://www.uptimerobot.com/)"
162.158.183.147 - - [30/Apr/2020:12:39:18 -0700] "GET /index.php?param1=assert&param2=print(md5(57575848371)); HTTP/1.0" 301 687 "-" "Mozilla/5.0 (Windows NT 6.1; WOW64; rv:54.0) Gecko/20100101 Firefox/54.0"
172.68.38.56 - - [30/Apr/2020:12:43:07 -0700] "HEAD / HTTP/1.0" 200 142 "https://spokanevalleyinsurance.net/" "Mozilla/5.0+(compatible; UptimeRobot/2.0; http://www.uptimerobot.com/)"
172.68.38.102 - - [30/Apr/2020:12:48:06 -0700] "HEAD / HTTP/1.0" 200 142 "https://spokanevalleyinsurance.net/" "Mozilla/5.0+(compatible; UptimeRobot/2.0; http://www.uptimerobot.com/)"
172.68.38.120 - - [30/Apr/2020:12:53:06 -0700] "HEAD / HTTP/1.0" 200 142 "https://spokanevalleyinsurance.net/" "Mozilla/5.0+(compatible; UptimeRobot/2.0; http://www.uptimerobot.com/)"
172.68.38.100 - - [30/Apr/2020:12:58:06 -0700] "HEAD / HTTP/1.0" 200 142 "https://spokanevalleyinsurance.net/" "Mozilla/5.0+(compatible; UptimeRobot/2.0; http://www.uptimerobot.com/)"
172.68.38.100 - - [30/Apr/2020:13:03:06 -0700] "HEAD / HTTP/1.0" 200 142 "https://spokanevalleyinsurance.net/" "Mozilla/5.0+(compatible; UptimeRobot/2.0; http://www.uptimerobot.com/)"
162.158.74.13 - - [30/Apr/2020:13:03:36 -0700] "GET /robots.txt HTTP/1.0" 200 700 "-" "Mozilla/5.0 (compatible; Googlebot/2.1; +http://www.google.com/bot.html)"
162.158.75.174 - - [30/Apr/2020:13:03:37 -0700] "GET /wp-content/uploads/2015/11/missy-200x150.jpg HTTP/1.0" 200 454 "-" "Googlebot-Image/1.0"
172.68.38.102 - - [30/Apr/2020:13:08:06 -0700] "HEAD / HTTP/1.0" 200 142 "https://spokanevalleyinsurance.net/" "Mozilla/5.0+(compatible; UptimeRobot/2.0; http://www.uptimerobot.com/)"
172.68.38.56 - - [30/Apr/2020:13:13:06 -0700] "HEAD / HTTP/1.0" 200 142 "https://spokanevalleyinsurance.net/" "Mozilla/5.0+(compatible; UptimeRobot/2.0; http://www.uptimerobot.com/)"
172.68.38.102 - - [30/Apr/2020:13:18:06 -0700] "HEAD / HTTP/1.0" 200 142 "https://spokanevalleyinsurance.net/" "Mozilla/5.0+(compatible; UptimeRobot/2.0; http://www.uptimerobot.com/)"
172.68.38.120 - - [30/Apr/2020:13:23:06 -0700] "HEAD / HTTP/1.0" 200 142 "https://spokanevalleyinsurance.net/" "Mozilla/5.0+(compatible; UptimeRobot/2.0; http://www.uptimerobot.com/)"
172.68.38.102 - - [30/Apr/2020:13:28:05 -0700] "HEAD / HTTP/1.0" 200 142 "https://spokanevalleyinsurance.net/" "Mozilla/5.0+(compatible; UptimeRobot/2.0; http://www.uptimerobot.com/)"
172.68.38.102 - - [30/Apr/2020:13:33:04 -0700] "HEAD / HTTP/1.0" 200 142 "https://spokanevalleyinsurance.net/" "Mozilla/5.0+(compatible; UptimeRobot/2.0; http://www.uptimerobot.com/)"
172.68.38.120 - - [30/Apr/2020:13:33:05 -0700] "POST /wp-cron.php?doing_wp_cron=1588278785.2736310958862304687500 HTTP/1.0" 200 383 "https://spokanevalleyinsurance.net/wp-cron.php?doing_wp_cron=1588278785.2736310958862304687500" "WordPress/5.2.6; https://spokanevalleyinsurance.net"
172.68.38.120 - - [30/Apr/2020:13:38:04 -0700] "HEAD / HTTP/1.0" 200 142 "https://spokanevalleyinsurance.net/" "Mozilla/5.0+(compatible; UptimeRobot/2.0; http://www.uptimerobot.com/)"
172.68.38.120 - - [30/Apr/2020:13:43:04 -0700] "HEAD / HTTP/1.0" 200 142 "https://spokanevalleyinsurance.net/" "Mozilla/5.0+(compatible; UptimeRobot/2.0; http://www.uptimerobot.com/)"
